{"id":2548,"date":"2015-12-15T13:07:50","date_gmt":"2015-12-15T12:07:50","guid":{"rendered":"http:\/\/www.dragracingeurope.eu\/fiaedc\/wp-content\/uploads\/sites\/2\/2015\/12\/0002.jpg"},"modified":"2015-12-15T13:07:50","modified_gmt":"2015-12-15T12:07:50","slug":"tf-anita-makela","status":"inherit","type":"attachment","link":"https:\/\/www.dragracingeurope.eu\/fiaedc\/tf-anita-makela\/","title":{"rendered":"TF Anita M\u00e4kel\u00e4"},"author":2,"featured_media":0,"comment_status":"closed","ping_status":"closed","template":"","meta":[],"smush":"Not processed","description":{"rendered":"<p class=\"attachment\"><a href='https:\/\/www.dragracingeurope.eu\/fiaedc\/wp-content\/uploads\/sites\/2\/2015\/12\/0002.jpg'><img decoding=\"async\" width=\"223\" height=\"300\" src=\"https:\/\/www.dragracingeurope.eu\/fiaedc\/wp-content\/uploads\/sites\/2\/2015\/12\/0002-223x300.jpg\" class=\"attachment-medium size-medium\" alt=\"\" srcset=\"https:\/\/www.dragracingeurope.eu\/fiaedc\/wp-content\/uploads\/sites\/2\/2015\/12\/0002-223x300.jpg 223w, https:\/\/www.dragracingeurope.eu\/fiaedc\/wp-content\/uploads\/sites\/2\/2015\/12\/0002.jpg 540w\" sizes=\"(max-width: 223px) 100vw, 223px\" \/><\/a><\/p>\n"},"caption":{"rendered":""},"alt_text":"","media_type":"image","mime_type":"image\/jpeg","media_details":{"width":540,"height":726,"file":"2015\/12\/0002.jpg","sizes":{"thumbnail":{"file":"0002-150x150.jpg","width":150,"height":150,"mime_type":"image\/jpeg","source_url":"https:\/\/www.dragracingeurope.eu\/fiaedc\/wp-content\/uploads\/sites\/2\/2015\/12\/0002-150x150.jpg"},"medium":{"file":"0002-223x300.jpg","width":223,"height":300,"mime_type":"image\/jpeg","source_url":"https:\/\/www.dragracingeurope.eu\/fiaedc\/wp-content\/uploads\/sites\/2\/2015\/12\/0002-223x300.jpg"},"full":{"file":"0002.jpg","width":540,"height":726,"mime_type":"image\/jpeg","source_url":"https:\/\/www.dragracingeurope.eu\/fiaedc\/wp-content\/uploads\/sites\/2\/2015\/12\/0002.jpg"}},"image_meta":{"aperture":29,"credit":"","camera":"NIKON D90","caption":"","created_timestamp":1404642457,"copyright":"Lena Per\u00e9s Phone: +46 70 7301755  lena@meracing.com","focal_length":"34","iso":"3200","shutter_speed":"0.005","title":"TF Anita M\u00e4kel\u00e4","orientation":1}},"post":null,"source_url":"https:\/\/www.dragracingeurope.eu\/fiaedc\/wp-content\/uploads\/sites\/2\/2015\/12\/0002.jpg","_links":{"self":[{"href":"https:\/\/www.dragracingeurope.eu\/fiaedc\/wp-json\/wp\/v2\/media\/2548"}],"collection":[{"href":"https:\/\/www.dragracingeurope.eu\/fiaedc\/wp-json\/wp\/v2\/media"}],"about":[{"href":"https:\/\/www.dragracingeurope.eu\/fiaedc\/wp-json\/wp\/v2\/types\/attachment"}],"author":[{"embeddable":true,"href":"https:\/\/www.dragracingeurope.eu\/fiaedc\/wp-json\/wp\/v2\/users\/2"}],"replies":[{"embeddable":true,"href":"https:\/\/www.dragracingeurope.eu\/fiaedc\/wp-json\/wp\/v2\/comments?post=2548"}]}}

TF Anita Mäkelä

Lena Perés Phone: +46 70 7301755  lena@meracing.com
