{"id":12260,"date":"2024-04-22T09:14:07","date_gmt":"2024-04-22T08:14:07","guid":{"rendered":"https:\/\/www.dragracingeurope.eu\/edrs\/?page_id=12260"},"modified":"2024-04-22T09:14:07","modified_gmt":"2024-04-22T08:14:07","slug":"super-car-class","status":"publish","type":"page","link":"https:\/\/www.dragracingeurope.eu\/edrs\/competition-classes\/super-car-class\/","title":{"rendered":"SUPER CAR CLASS"},"content":{"rendered":"\n<p>Super Car Class \u00e4r en klass best\u00e5ende av fordon inklassade i klasserna Super Street ( SST ), Super Gas ( SG ) och Super Comp ( SC ).<\/p>\n\n\n\n<p><strong>Klassernas resp. index \u00e4r <\/strong><\/p>\n\n\n\n<p>SST:\u00a0\u00a0\u00a0\u00a0\u00a0\u00a0\u00a0\u00a0\u00a0\u00a0\u00a0 10.90\u00a0 sek\u00a0\u00a0\u00a0\u00a0 \u00a0\u00a0\u00a0\u00a0( 6,90 , 1\/8 mile )<br>SG:\u00a0\u00a0\u00a0\u00a0\u00a0\u00a0\u00a0\u00a0\u00a0\u00a0\u00a0\u00a0\u00a0 9,90\u00a0 sek\u00a0\u00a0\u00a0\u00a0\u00a0\u00a0\u00a0\u00a0 ( 6,30 , 1\/8 mile)<br>SC:\u00a0\u00a0\u00a0\u00a0\u00a0\u00a0\u00a0\u00a0\u00a0\u00a0\u00a0\u00a0\u00a0 8,90\u00a0 sek\u00a0\u00a0\u00a0\u00a0\u00a0\u00a0\u00a0\u00a0 ( 5,70 . 1\/8 mile)<\/p>\n\n\n\n<p>Klasserna k\u00f6rs tillsammans och ev. skillnader i index l\u00e4ggs in som handicap. \u00a0Ex. en SST bil f\u00e5r 2,0 sek handicap\u00a0 (1,2 sek , 1\/8 mile) mot en SC-dragster.<\/p>\n\n\n\n<p>PRO-gran, 0,5 sek.<\/p>\n\n\n\n<p>I \u00f6vrigt k\u00f6rs klassen som klasserna k\u00f6rs separat, och besiktas ocks\u00e5 utifr\u00e5n resp. klassregler.<\/p>\n\n\n\n<p>Fordonen anv\u00e4nder resp. prefix (SST, SG, SC) f\u00f6r tidtagningens inmatning av index.<\/p>\n\n\n\n<p><strong>English:<\/strong><br>Super Car Class is a class which is a combination of the classes Super Street (SST), Super Gas (SG) och Super Comp (SC).<\/p>\n\n\n\n<p class=\"edrs\"><strong>The set index of each class is:<\/strong><\/p>\n\n\n\n<p>SST:\u00a0\u00a0\u00a0\u00a0\u00a0\u00a0\u00a0\u00a0\u00a0\u00a0\u00a0 \u00a0\u00a0\u00a0\u00a0 10.90\u00a0 sek\u00a0\u00a0\u00a0\u00a0\u00a0\u00a0\u00a0\u00a0 ( 6,90 , 1\/8 mile )<br>SG:\u00a0\u00a0\u00a0\u00a0\u00a0\u00a0\u00a0\u00a0\u00a0\u00a0\u00a0\u00a0\u00a0 \u00a0\u00a0\u00a0 9,90\u00a0 sek\u00a0\u00a0\u00a0\u00a0\u00a0\u00a0\u00a0\u00a0 \u00a0\u00a0\u00a0\u00a0\u00a0\u00a0\u00a0\u00a0\u00a0\u00a0\u00a0\u00a0\u00a0\u00a0\u00a0\u00a0\u00a0\u00a0\u00a0\u00a0 ( 6,30 , 1\/8 mile)<br>SC:\u00a0\u00a0\u00a0\u00a0\u00a0\u00a0\u00a0\u00a0\u00a0\u00a0\u00a0\u00a0\u00a0 \u00a0\u00a0\u00a0 8,90\u00a0 sek\u00a0\u00a0\u00a0\u00a0\u00a0\u00a0\u00a0\u00a0 \u00a0\u00a0\u00a0\u00a0\u00a0\u00a0\u00a0\u00a0\u00a0\u00a0\u00a0\u00a0\u00a0\u00a0\u00a0\u00a0\u00a0\u00a0\u00a0\u00a0 ( 5,70 . 1\/8 mile)<\/p>\n\n\n\n<p>The three classes will run together and qualification order will be sorted on each competitors difference to index for each sub-category (class) similar to Competition Eliminator.<\/p>\n\n\n\n<p>At the time of elimination there will be a 1,0 second handicap between each SST, SG and SC.<\/p>\n\n\n\n<p>Example: During elimination an SST car will have 1,0 seconds handicap\/advantage against an SG car and 2,0 seconds (1,2 sec 1\/8 mile) against an SC car.<\/p>\n\n\n\n<p>PRO-tree with handicap, as per above, will be used with 0,5 sec between yellow and green.<\/p>\n\n\n\n<p>If two cars with same class prefix will compete, there will be no handicap.<\/p>\n\n\n\n<p>At registration the car should be entered as per its class rules, and it will be scrutineered accordingly.<\/p>\n\n\n\n<p>The cars will use the class prefix (SST, SG, SC) for the entries in the timekeeping system and this need also to be visible on each car.<\/p>\n\n\n\n<p>\u201cCourtesy staging\u201d must be honored but failure will not be reason for disqualification from the run.<\/p>\n","protected":false},"excerpt":{"rendered":"<p>Super Car Class \u00e4r en klass best\u00e5ende av fordon inklassade i klasserna Super Street ( SST ), Super Gas ( SG ) och Super Comp ( SC ). Klassernas resp. index \u00e4r SST:\u00a0\u00a0\u00a0\u00a0\u00a0\u00a0\u00a0\u00a0\u00a0\u00a0\u00a0 10.90\u00a0 sek\u00a0\u00a0\u00a0\u00a0 \u00a0\u00a0\u00a0\u00a0( 6,90 , 1\/8 mile )SG:\u00a0\u00a0\u00a0\u00a0\u00a0\u00a0\u00a0\u00a0\u00a0\u00a0\u00a0\u00a0\u00a0 9,90\u00a0 sek\u00a0\u00a0\u00a0\u00a0\u00a0\u00a0\u00a0\u00a0 ( 6,30 , 1\/8 mile)SC:\u00a0\u00a0\u00a0\u00a0\u00a0\u00a0\u00a0\u00a0\u00a0\u00a0\u00a0\u00a0\u00a0 8,90\u00a0 sek\u00a0\u00a0\u00a0\u00a0\u00a0\u00a0\u00a0\u00a0 ( 5,70 . 1\/8 mile) [&hellip;]<\/p>\n","protected":false},"author":17,"featured_media":0,"parent":122,"menu_order":0,"comment_status":"closed","ping_status":"closed","template":"","meta":{"footnotes":""},"_links":{"self":[{"href":"https:\/\/www.dragracingeurope.eu\/edrs\/wp-json\/wp\/v2\/pages\/12260"}],"collection":[{"href":"https:\/\/www.dragracingeurope.eu\/edrs\/wp-json\/wp\/v2\/pages"}],"about":[{"href":"https:\/\/www.dragracingeurope.eu\/edrs\/wp-json\/wp\/v2\/types\/page"}],"author":[{"embeddable":true,"href":"https:\/\/www.dragracingeurope.eu\/edrs\/wp-json\/wp\/v2\/users\/17"}],"replies":[{"embeddable":true,"href":"https:\/\/www.dragracingeurope.eu\/edrs\/wp-json\/wp\/v2\/comments?post=12260"}],"version-history":[{"count":1,"href":"https:\/\/www.dragracingeurope.eu\/edrs\/wp-json\/wp\/v2\/pages\/12260\/revisions"}],"predecessor-version":[{"id":12261,"href":"https:\/\/www.dragracingeurope.eu\/edrs\/wp-json\/wp\/v2\/pages\/12260\/revisions\/12261"}],"up":[{"embeddable":true,"href":"https:\/\/www.dragracingeurope.eu\/edrs\/wp-json\/wp\/v2\/pages\/122"}],"wp:attachment":[{"href":"https:\/\/www.dragracingeurope.eu\/edrs\/wp-json\/wp\/v2\/media?parent=12260"}],"curies":[{"name":"wp","href":"https:\/\/api.w.org\/{rel}","templated":true}]}}